when 4/(-1)*(-31)/4 is divided by l.
12
Suppose -31*q + 16716 = 27*q - 37*q. Calculate the remainder when q is divided by 3/(6/4) - -15.
14
Let v = -11057 - -11151. What is the remainder when v is divided by 89?
5
Let f = 1412 + -1408. What is the remainder when f is divided by 3?
1
Suppose -4*s + 5*y + 185 = 0, 3*y = -3*s + 7*y + 139. Suppose -13*n - 657 - s = 0. Let p = -40 - n. What is the remainder when 320 is divided by p?
12
Let h be (14/(-35) + -6)/((-3)/240). Let w = h + -388. Let p = 18 - -24. What is the remainder when w is divided by p?
40
Let n(m) = -5*m + 1. Let k be n(-3). Suppose 0 = 4*z + k, 2*b - 1 = b - z. Calculate the remainder when 60/(-18)*-3 - (-6 - (-8 + 6)) is divided by b.
4
Let i(c) = 9*c - 215. Let u be 142/6 + 4/(-6). Suppose v - 9 = -2*l + 18, -v + 2*l + u = 0. Calculate the remainder when i(29) is divided by v.
21
Suppose 4*f - 243 = -151. Let r be (1 - (-5)/(-3))/((-2)/1050). Suppose -5*b - 157 = -j - j, 4*j + 2*b - r = 0. What is the remainder when j is divided by f?
17
Let y be 2/((-6)/8*(-14)/21). Let d be 9/45 + 1108/10. Suppose t + d = y*t. Calculate the remainder when t is divided by 21.
16
Suppose -11*k + 72 = -6*k + 2*c, 262 = 19*k - 4*c. What is the remainder when 1046 is divided by k?
10
Suppose -5*k + 19 = -5*q - 106, -4*k + 109 = -q. Suppose -m = 7*m - 7800. Suppose -7*n = -m - 383. Calculate the remainder when n is divided by k.
26
Let r(h) = h**2 - 3*h - 4. Let k(j) = 4*j**2 + 2*j - 1. Let f be k(1). Let x = -2389 - -2412. What is the remainder when x is divided by r(f)?
5
Let r = -250 - -258. Suppose -r*a - 12*a = -3940. What is the remainder when a is divided by 20?
17
Suppose -119*p - 360*p = -79*p - 30400. Let t = 16 + 10. Calculate the remainder when p is divided by t.
24
Suppose -7 = -z + 6. What is the remainder when 442/5 - -2 - ((-6496)/160 + 41) is divided by z?
12
Suppose 40*l + 12480 = 72*l. Suppose 0 = -49*g + 34*g + l. Calculate the remainder when g is divided by 13.
0
Let h(r) = -5*r + 150. Let l be h(0). Let b = l + -129. Calculate the remainder when 62 is divided by b.
20
Suppose -291 = -28*r + 3153. What is the remainder when r is divided by 28?
11
Suppose 0 = 5*x - 3*m - 9, 2*m = 3*x - 6. Suppose -10*f + 1092 + 628 = x. What is the remainder when f is divided by 16?
12
Suppose -5551 = -97*j + 7835. Calculate the remainder when 2743 is divided by j.
121
Let a be (6 - (-2 - (-13 - -6)))*0. Suppose -24*x + 21*x + 1731 = a. What is the remainder when x is divided by 117?
109
Let h(m) = -m**2 - 12*m - 18. Let q be h(-2). Let f be 75*1/(5/(-4)). What is the remainder when 14 is divided by ((-29)/87)/(q/f)?
4
Let n = 306 + -366. What is the remainder when 536 is divided by (9/5)/((-6 + 0)/n)?
14
Suppose -15*z = 28*z - 5*z - 6650. Calculate the remainder when z is divided by 18.
13
Let l = 169 + 1551. What is the remainder when l is divided by 90?
10
Suppose 692 - 117 = 5*q. Suppose 26*v - 254 = 292. What is the remainder when q is divided by v?
10
Let a = -946 + 957. Let c(f) = f**3 + 10*f**2 + 8*f - 3. Let d be c(-9). Let x(k) = 5*k - 11. What is the remainder when x(d) is divided by a?
8
Let g = -63 + 65. Suppose -3*p + 30 = -g*w, -3*p = -w - 3 - 27. Calculate the remainder when 20 is divided by 82/p + -1 + (-4)/(-5).
4
Let r(g) be the second derivative of g**5/20 + g**4/12 - g**3 + 7*g**2/2 + 27*g. Suppose -9 = 5*h - 8*h. What is the remainder when 99 is divided by r(h)?
24
What is the remainder when 197 is divided by 492/7 - (-9 - 390/(-42))?
57
Suppose 0 = -5*m - 0. Suppose 81 = -m*d + 3*d. Let r = -70 + 87. What is the remainder when d is divided by r?
10
Suppose 5*w + 9358 = r, 3*r - 5610 + 0 = 3*w. What is the remainder when w/(-63) + 4/14 is divided by 16?
14
Suppose 5*x = -3*z + 986, -11*z + 6*z - 612 = -3*x. What is the remainder when x is divided by 67?
65
Suppose -3*c + 3*d + d + 8 = 0, 3*d = -6. Calculate the remainder when 393 is divided by (c/8 - -4) + 63.
58
Let f(t) = 2*t**2 + 36*t - 372. What is the remainder when f(-34) is divided by 237?
5
Let i(x) = -x**2 - 12*x - 30. Let c be i(-5). What is the remainder when (-12)/20*(-235 + (10 - c)) is divided by 39?
21
Suppose -5*t = l + 3*l - 340, 0 = -4*l + 3*t + 308. Let v = -13 - -10. Calculate the remainder when l is divided by ((-2)/8)/(v/492).
39
Let s(x) = x**3 + 16*x**2 + 10*x - 34. Let j be s(-11). Suppose -5*p + j = -2*i, -3*i = -p + 94 - 7. Calculate the remainder when p is divided by 12.
9
Suppose 0 = -16*v - 11*v. Suppose 14*m - 6*m - 312 = v. Calculate the remainder when m is divided by 23.
16
Let q(g) = 13*g - 381. Let l be q(29). Let t(j) = -78*j - 210. What is the remainder when t(l) is divided by 13?
11
Suppose -n = n + 4*h - 138, 0 = -4*n - h + 276. Suppose -76 = 26*j + 132. What is the remainder when n is divided by 12/(-32)*4/1*j?
9
Suppose 4*h + 67 = z, 4*h = 3*z - 344 + 127. Suppose -15*w = -z - 375. What is the remainder when 59 is divided by w?
29
Let f(t) = t**2 + 5*t + 4. Let o be f(-5). Suppose o*r = 3*r + 67. Calculate the remainder when r is divided by 5 + 2 - 1/(1/(-7)).
11
Let m be -3 - (133/(-9) + (-6)/27). Suppose -7*o = -4*o + m. Calculate the remainder when 73 is divided by (-24)/o*(-24)/(-9).
9
Let r(i) be the first derivative of i**4/4 + 10*i**3/3 - 6*i**2 + 27*i - 95. What is the remainder when r(-11) is divided by 25?
13
Suppose w + 3*l + 8 = 0, 0 = -2*w + 4*l + 7 + 7. Let c = -242 - -236. Let n(h) = 5*h + 32. What is the remainder when n(c) is divided by w?
0
Let y(u) = u**3 - 5*u**2 - 48*u + 46. Calculate the remainder when y(10) is divided by 51/1*12/36.
15
Suppose -5*h - 39 + 124 = 5*k, 17 = k + 3*h. Suppose -x = -0*x - 36. What is the remainder when x is divided by k?
2
Let l be -921 - -9 - (8 + (-5 - -3)). What is the remainder when 187 is divided by (((-1)/(-3))/(-1))/(17/l)?
7
Let b = -10255 + 10497. What is the remainder when 14517 is divided by b?
239
Suppose 7*v - 37 = -9. Suppose o = v*o - 6. Suppose o*t - 6*t = -80. What is the remainder when t is divided by 7?
6
Let l be (-6)/(-9) - 1708/(-12). Let z = l - 103. Calculate the remainder when z is divided by 21.
19
Let v = -94 - -170. Let w = -64 + v. Calculate the remainder when w is divided by (-13 + 18)*4/(-5) + 9.
2
Suppose 2*p + 17 = -13*t + 8*t, -5*t - 45 = 0. Let j be (2/(-4))/(1/(-6)). Suppose 0 = 2*n + j*n - 25. Calculate the remainder when p is divided by n.
4
Suppose 84 = 56*c - 62*c. Let o = c - -67. What is the remainder when o is divided by (-2 - -3)/(1/7)?
4
Suppose -4*r - 7*t + 16 = -11*t, 4*r - 19 = 3*t. Suppose -3*p - 2*p + y = -66, -2*p = 5*y - 21. Let z = 31 - p. What is the remainder when z is divided by r?
4
Let b(s) = -4*s - 62. Calculate the remainder when 1*((-4)/(-4) - -19) is divided by b(-17).
2
Suppose -4*l - 3*q = -1216 - 2297, -4*l - 4*q = -3516. Calculate the remainder when l is divided by 174.
6
Let a(u) = -5*u. Suppose -7 - 13 = 5*f. Suppose 5*j - 46 = -2*z, -j + 3*z - 69 = -68. Calculate the remainder when a(f) is divided by j.
4
Let o(z) = 13*z**2 - 2*z + 3. Let d(w) be the third derivative of -w**4/12 + 5*w**3/6 - 5*w**2 + 8. What is the remainder when o(2) is divided by d(-4)?
12
Let f = -13358 + 13585. What is the remainder when f is divided by 59?
50
Calculate the remainder when 27708/(-10)*(-4)/(264/110) is divided by 22.
20
Let a = -1087 - -1307. Suppose 0*p + 2*p = 112. What is the remainder when a is divided by p?
52
Let t(s) = s**3 + s**2 + s + 3. Let p be t(0). Suppose -2*z + 85 = -p*x, 4*z - 159 = -x - 24. What is the remainder when z + 1 + -1 - (-6 + 7) is divided by 10?
4
Let g(l) = -2 + 8 - 4 - 11*l + 3*l**2. Let y be g(8). Suppose 0 = -r + y - 90. Calculate the remainder when r is divided by 5.
1
Let k(c) = 14*c**3 + 937*c**2 - 66*c + 94. What is the remainder when 6396 is divided by k(-67)?
24
Suppose 13 = g + 5*h, 2*h - 238 = g - 328. Calculate the remainder when 3/3 - (-1 + -267) is divided by g.
65
Suppose -9*m + 1496 = -5128. What is the remainder when m is divided by 11?
10
Suppose -b - 367 = -5*f, 0*f - 5*b - 156 = -2*f. What is the remainder when 291 is divided by f?
72
Let j = -151 + 310. Let n = j + -101. Let a = n + -46. Calculate the remainder when 33 is divided by a.
9
Suppose -500 = -6*i + i. What is the remainder when 3564/(-15)*((-1100)/(-132) - 10) is di